{"id":225,"date":"2024-08-09T18:11:26","date_gmt":"2024-08-09T18:11:26","guid":{"rendered":"http:\/\/xn--mhroboter-hannover-ltb.de\/?page_id=225"},"modified":"2024-09-26T16:42:49","modified_gmt":"2024-09-26T16:42:49","slug":"maehroboter","status":"publish","type":"page","link":"https:\/\/xn--mhroboter-hannover-ltb.de\/?page_id=225","title":{"rendered":"M\u00e4hroboter"},"content":{"rendered":"\t\t<div data-elementor-type=\"wp-page\" data-elementor-id=\"225\" class=\"elementor elementor-225\">\n\t\t\t\t<div class=\"elementor-element elementor-element-38bc78d5 e-flex e-con-boxed e-con e-parent\" data-id=\"38bc78d5\" data-element_type=\"container\">\n\t\t\t\t\t<div class=\"e-con-inner\">\n\t\t\t\t<div class=\"elementor-element elementor-element-250e9b35 elementor-widget elementor-widget-text-editor\" data-id=\"250e9b35\" data-element_type=\"widget\" data-widget_type=\"text-editor.default\">\n\t\t\t\t<div class=\"elementor-widget-container\">\n\t\t\t\t\t\t\t<p><!-- wp:paragraph --><\/p>\n<p><!-- \/wp:paragraph --><\/p>\n<p><!-- wp:paragraph --><\/p>\n<h2>welchen M\u00e4hroboter ist der richtige f\u00fcr mich?<\/h2>\n<p><!-- \/wp:paragraph --><\/p>\n<p><!-- wp:paragraph --><\/p>\n<p>Haben Sie die Entscheidung getroffen sich einen M\u00e4hroboter zuzulegen, stellt sich die Frage, f\u00fcr welchen M\u00e4hroboter Sie sich entscheiden sollen. Diese Wahl h\u00e4ngt zum gro\u00dfen Teil von den folgenden Faktoren ab:<\/p>\n<p><b>Gr\u00f6\u00dfe Ihres Grundst\u00fcckes<br><span style=\"font-family: inherit; font-size: inherit; font-style: inherit; font-variant-ligatures: inherit; font-variant-caps: inherit; letter-spacing: 1.4px; background-color: var(--has-background, var(--theme-palette-color-8)); text-transform: var(--theme-text-transform);\">Komplexit\u00e4t Ihrer Rasenfl\u00e4che<br>Komfortanspruch<\/span><\/b><\/p>\n<p><!-- \/wp:paragraph --><\/p>\n<p><!-- wp:paragraph --><\/p>\n<p>\u00dcberpr\u00fcfen Sie, welcher M\u00e4hroboter am besten zu Ihrem Garten passt mit unserem online-Rasencheck!<\/p>\n<p><!-- \/wp:paragraph --><\/p>\n<p><!-- wp:paragraph --><\/p>\n<p><strong>Gr\u00f6\u00dfe Ihres Grundst\u00fccks<\/strong><\/p>\n<p><!-- \/wp:paragraph --><\/p>\n<p><!-- wp:paragraph --><\/p>\n<p>Es liegt auf der Hand, dass der M\u00e4hroboter f\u00fcr die Gr\u00f6\u00dfe Ihrer Rasenfl\u00e4che ausreichend dimensioniert sein muss. Doch bedenken Sie, dass die angegebene Fl\u00e4chenleistung f\u00fcr den 24-Stunden-Betrieb angegeben ist. Wollen Sie Ihren Garten min. 12 Stunden f\u00fcr sich, ohne dass der Roboter unterwegs ist, muss die Fl\u00e4chenleistung entsprechend doppelt so gro\u00df sein wie die zu m\u00e4hende Fl\u00e4che. Auf diese Weise k\u00f6nnen Sie ausrechnen, wie leistungsf\u00e4hig der M\u00e4hroboter sein muss.<\/p>\n<p><!-- \/wp:paragraph --><\/p>\n<p><!-- wp:paragraph --><\/p>\n<p>Nehmen wir an, Ihr Garten ist 500m\u00b2 gro\u00df und soll in 6 Stunden t\u00e4glich gem\u00e4ht werden<\/p>\n<p><!-- \/wp:paragraph --><\/p>\n<p><!-- wp:paragraph --><\/p>\n<p>500m\u00b2 : (24 x 6) = 2000m\u00b2 M\u00e4hleistung pro Tag<\/p>\n<p><!-- \/wp:paragraph --><\/p>\n<p><!-- wp:paragraph --><\/p>\n<p>Da in dieser Rechnung noch nicht die Komplexit\u00e4t Ihres Gartens ber\u00fccksichtigt ist, sollten Sie immer etwas Reserven einplanen!&nbsp;<br>F\u00fcr Sie w\u00e4re dann ein M\u00e4hroboter mit einer Tagesleistung von 2200 m\u00b2 optimal!<br><\/p>\n<p><!-- \/wp:paragraph --><\/p>\n<p><!-- wp:paragraph --><\/p>\n<p><!-- \/wp:paragraph --><\/p>\n<p><!-- wp:paragraph --><\/p>\n<p><!-- \/wp:paragraph --><\/p>\n<p><!-- wp:paragraph --><\/p>\n<p><strong>&nbsp;Komplexit\u00e4t Ihrer Rasenfl\u00e4che<\/strong><\/p>\n<p><!-- \/wp:paragraph --><\/p>\n<p><!-- wp:paragraph --><\/p>\n<p>Ein weiterer wichtiger Faktor ist die Form Ihrer Rasenfl\u00e4che. Ist es eine einzige zusammenh\u00e4ngende Fl\u00e4che? Oder besteht Ihr Grundst\u00fcck aus mehreren Teilfl\u00e4chen, die evtl. durch Passagen miteinander verbunden sind?<\/p>\n<p><!-- \/wp:paragraph --><\/p>\n<p><!-- wp:paragraph --><\/p>\n<p><!-- \/wp:paragraph --><\/p>\n<p><!-- wp:paragraph --><\/p>\n<p><!-- \/wp:paragraph --><\/p>\n<p><!-- wp:paragraph --><\/p>\n<p>Die g\u00fcnstigen Modelle kommen mit einfachen und weniger komplexen Fl\u00e4chen gut zurecht. Muss der M\u00e4hroboter enge Passagen durchqueren um von einer Fl\u00e4che auf die andere zu gelangen, empfiehlt sich ein Husqvarna Automower\u00ae. Nur dieser verf\u00fcgt \u00fcber Suchkabel, mit denen sich der Roboter auch in entlegene Bereiche des Gartens lotsen l\u00e4sst. F\u00fcr das Suchkabel k\u00f6nnen verschiedene Startpunkte definiert werden. Pro Startpunkt l\u00e4sst sie wiederum festlegen, zu wie viel Prozent aller Starts er an jedem Punkt zu m\u00e4hen anfangen soll.&nbsp;Die Spitzenmodelle von Husqvarna k\u00f6nnen mit bis zu 3 Suchkabeln ausgestattet werden, wodurch sich auch extrem komplizierte Grundst\u00fccke mit einem M\u00e4hroboter ausstatten lassen. Daf\u00fcr ist jedoch eine strategisch geschickte Planung und Ausf\u00fchrung der Installation erforderlich.<\/p>\n<p><!-- \/wp:paragraph --><\/p>\n<p><!-- wp:paragraph --><\/p>\n<p><!-- \/wp:paragraph --><\/p>\n<p><!-- wp:paragraph --><\/p>\n<p><!-- \/wp:paragraph --><\/p>\n<p><!-- wp:paragraph --><\/p>\n<p><!-- \/wp:paragraph --><\/p>\n<p><!-- wp:paragraph --><\/p>\n<p><!-- \/wp:paragraph --><\/p>\n<p><!-- wp:paragraph --><\/p>\n<p><!-- \/wp:paragraph --><\/p>\n<p><!-- wp:paragraph --><\/p>\n<p><!-- \/wp:paragraph --><\/p>\n<p><!-- wp:paragraph --><\/p>\n<p>Wir beraten Sie gerne vor Ort oder verwenden Sie unseren online-Rasencheck und wir empfehlen Ihnen den Roboter-Typ, der perfekt f\u00fcr Ihr Grundst\u00fcck ist!<\/p>\n<p><!-- \/wp:paragraph --><\/p>\n<p><!-- wp:paragraph --><\/p>\n<p><\/p>\n<p><strong>Komfortanspruch<\/strong><\/p>\n<p><!-- \/wp:paragraph --><\/p>\n<p><!-- wp:paragraph --><\/p>\n<p><!-- \/wp:paragraph --><\/p>\n<p><!-- wp:paragraph --><\/p>\n<p>Die verschiedenen Roboter-Modelle verf\u00fcgen \u00fcber unterschiedliche Ausstattungsmerkmale. So lassen sich die g\u00fcnstigen Ausf\u00fchrungen lediglich ein- und ausschalten. Die h\u00f6herwertigen lassen sich pr\u00e4zise programmieren. So k\u00f6nnen Sie genau festlegen, an welchen Tagen zu welchen Zeiten der M\u00e4hroboter aktiv sein soll. Auch die Einstellung der Schnitth\u00f6he gestaltet sich unterschiedlich. Bei g\u00fcnstigen Modellen muss dazu eine Schraube gel\u00f6st und nach dem Verstellen wieder angezogen werden. Komfortablere Modelle erlauben die Einstellung bequem \u00fcber ein Drehknopf am Geh\u00e4use.<\/p>\n<p><!-- \/wp:paragraph --><\/p>\n<p><!-- wp:paragraph --><\/p>\n<p><!-- \/wp:paragraph --><\/p>\n<p><!-- wp:paragraph --><\/p>\n<p><!-- \/wp:paragraph --><\/p>\n<p><!-- wp:paragraph --><\/p>\n<p><!-- \/wp:paragraph --><\/p>\n<p><!-- wp:paragraph --><\/p>\n<p><!-- \/wp:paragraph --><\/p>\n<p><!-- wp:paragraph --><\/p>\n<p>Die gr\u00f6\u00dferen Modelle von Husqvarna erlauben eine elektrische Verstellung. Die X-Modelle von Husqvarna k\u00f6nnen sogar vom Smartphone aus bedient werden!<\/p>\n<p><!-- \/wp:paragraph --><\/p>\n<p><!-- wp:paragraph --><\/p>\n<p><!-- \/wp:paragraph --><\/p>\n<p><!-- wp:paragraph --><\/p>\n<p><!-- \/wp:paragraph --><\/p>\n<p><!-- wp:paragraph --><\/p>\n<h2>F\u00fcr wen ist ein M\u00e4hroboter gedacht?<\/h2>\n<p><!-- \/wp:paragraph --><\/p>\n<p><!-- wp:paragraph --><\/p>\n<p>&nbsp;F\u00fcr wen eignet sich ein M\u00e4hroboter&#8230;<br>&#8230;und wie f\u00fcgt er sich in Ihr Leben ein?<\/p>\n<p><!-- \/wp:paragraph --><\/p>\n<p><!-- wp:paragraph --><\/p>\n<p><!-- \/wp:paragraph --><\/p>\n<p><!-- wp:paragraph --><\/p>\n<p><strong>Berufst\u00e4tige<br><\/strong>Wenn Sie berufst\u00e4tig sind, kennen Sie das bestimmt: Sie kommen von der Arbeit geschafft nach Hause und dann wartet noch die Gartenpflege auf Sie.&nbsp;Schieben Sie das Rasenm\u00e4hen vor sich her, sieht der Garten bis zum Wochenende nicht mehr ansehnlich aus.<\/p>\n<p><!-- \/wp:paragraph --><\/p>\n<p><!-- wp:paragraph --><\/p>\n<p><!-- \/wp:paragraph --><\/p>\n<p><!-- wp:paragraph --><\/p>\n<p><!-- \/wp:paragraph --><\/p>\n<p><!-- wp:paragraph --><\/p>\n<p><strong>Familien<br><\/strong>Kinder haben gro\u00dfe Freude am Spielen im Garten. W\u00e4hrenddessen k\u00f6nnen Sie den Rasen nicht m\u00e4hen.&nbsp;Sind die Kleinen drinnen, m\u00fcssen Sie sich oft um Sie k\u00fcmmern. F\u00fcr die Rasenpflege bleibt da nicht viel Zeit. Der Automower\u00ae m\u00e4ht den Rasen, w\u00e4hrend Sie f\u00fcr Ihre Familie da sind!<\/p>\n<p><!-- \/wp:paragraph --><\/p>\n<p><!-- wp:paragraph --><\/p>\n<p><!-- \/wp:paragraph --><\/p>\n<p><!-- wp:paragraph --><\/p>\n<p><!-- \/wp:paragraph --><\/p>\n<p><!-- wp:paragraph --><\/p>\n<p><strong>Senioren<br><\/strong>Auch wenn Sie immer Freude an der Gartenarbeit gehabt haben kommt irgendwann der Zeitpunkt, ab dem die Gartenpflege immer beschwerlicher wird. Holen Sie sich den Automower\u00ae als Helfer und schauen Sie ihm einfach zu, wie er die Arbeit f\u00fcr Sie \u00fcbernimmt!<\/p>\n<p><!-- \/wp:paragraph --><\/p>\n<p><!-- wp:paragraph --><\/p>\n<p><!-- \/wp:paragraph --><\/p>\n<p><!-- wp:paragraph --><\/p>\n<p><!-- \/wp:paragraph --><\/p>\n<p><!-- wp:paragraph --><\/p>\n<p><strong>alle Anderen<br><\/strong>Auch wenn Sie Zeit h\u00e4tten den Rasen zu m\u00e4hen, bestimmt w\u00fcrde Ihnen eine Besch\u00e4ftigung einfallen, der Sie lieber nachgehen w\u00fcrden. Der Automower\u00ae \u00fcbernimmt das Rasenm\u00e4hen, damit Sie sich an Ihrer neu gewonnenen Freizeit erfreuen k\u00f6nnen.<\/p>\n<p><!-- \/wp:paragraph --><\/p>\n<p><!-- wp:paragraph --><\/p>\n<p><!-- \/wp:paragraph --><\/p>\n<p><!-- wp:paragraph --><\/p>\n<p><!-- \/wp:paragraph --><\/p>\n<p><!-- wp:paragraph --><\/p>\n<p>Rufen Sie uns noch heute an oder schreiben Sie uns! Wir schauen uns Ihren Garten an und machen Ihnen ein unverbindliches Angebot f\u00fcr die Installation Ihres M\u00e4hroboters!<\/p>\n<p><!-- \/wp:paragraph --><\/p>\n<p><!-- wp:paragraph --><\/p>\n<h2>F\u00fcr welchen Garten?<\/h2>\n<p><!-- \/wp:paragraph --><\/p>\n<p><!-- wp:paragraph --><\/p>\n<p>Durch Wege getrennte Rasenfl\u00e4chensind kein Problem f\u00fcr uns! Grunds\u00e4tzlich gibt es kaum einen Garten, der v\u00f6llig ungeeignet f\u00fcr einen Automower w\u00e4re. Auch Gro\u00dfe und komplexe G\u00e4rten mit Gehwegen, Passagen und Steigungen meistern die Top-Modelle spielend.<\/p>\n<p><!-- \/wp:paragraph --><\/p>\n<p><!-- wp:paragraph --><\/p>\n<p><!-- \/wp:paragraph --><\/p>\n<p><!-- wp:paragraph --><\/p>\n<p>Je besser Sie den Garten f\u00fcr den Automower vorbereiten, desto gr\u00fcndlicher kann der M\u00e4her arbeiten und umso weniger m\u00fcssen Sie von Hand nacharbeiten.<\/p>\n<p><!-- \/wp:paragraph --><\/p>\n<p><!-- wp:paragraph --><\/p>\n<p>Welcher M\u00e4her am besten zu Ihrem Garten passt, erfahren Sie mit unserem online-Rasencheck!<\/p>\n<p><!-- \/wp:paragraph --><\/p>\n<p><!-- wp:paragraph --><\/p>\n<p><!-- \/wp:paragraph --><\/p>\n<p><!-- wp:paragraph --><\/p>\n<p><!-- \/wp:paragraph --><\/p>\n<p><!-- wp:paragraph --><\/p>\n<h2>Wie funktioniert ein M\u00e4hroboter?<\/h2>\n<p><!-- \/wp:paragraph --><\/p>\n<p><!-- wp:paragraph --><\/p>\n<p>Das Zentrale Element bei einer M\u00e4hroboter-Installation ist das Begrenzungskabel. Dieses wird wenige cm unter dem Rasen entlang der Rasenkante gelegt. Dieses Kabel sendet ein schwaches elektromagnetisches Feld aus, welches der M\u00e4hroboter erkennt sobald er sich ihm n\u00e4hert. Der Roboter wei\u00df nun, dass dort die Grenze seines Arbeitsbereiches ist. Er f\u00e4hrt noch einige cm \u00fcber das Kabel hinaus, dann wird er stoppen, die Richtung \u00e4ndern und wieder anfahren, bis er abermals auf eine Begrenzung trifft.<\/p>\n<p><!-- \/wp:paragraph --><\/p>\n<p><!-- wp:paragraph --><\/p>\n<p><!-- \/wp:paragraph --><\/p>\n<p><!-- wp:paragraph --><\/p>\n<p><!-- \/wp:paragraph --><\/p>\n<p><!-- wp:paragraph --><\/p>\n<p><!-- \/wp:paragraph --><\/p>\n<p><!-- wp:paragraph --><\/p>\n<p><!-- \/wp:paragraph --><\/p>\n<p><!-- wp:paragraph --><\/p>\n<p>St\u00f6\u00dft er auf der Fl\u00e4che gegen ein Hindernis wie z.B. einen Baum, ist das auch kein Problem. Der Roboter verf\u00fcgt \u00fcber Sto\u00dfsensoren, die das Hindernis erkennen und den Roboter ebenfalls die Richtung \u00e4ndern lassen. Soll der Roboter nicht gegen einen Baum fahren, oder haben Sie Beete innerhalb Ihrer Rasenfl\u00e4che, k\u00f6nnen mit dem Begrenzungskabel sogenannte Inseln gelegt werden. Diese Bereiche werden dann vom Automower\u00ae ausgespart.<\/p>\n<p><!-- \/wp:paragraph --><\/p>\n<p><!-- wp:paragraph --><\/p>\n<p><!-- \/wp:paragraph --><\/p>\n<p><!-- wp:paragraph --><\/p>\n<p><!-- \/wp:paragraph --><\/p>\n<p><!-- wp:paragraph --><\/p>\n<p><!-- \/wp:paragraph --><\/p>\n<p><!-- wp:paragraph --><\/p>\n<p>Die Funktionsweise des Automower\u00ae ist in dem Video von Husqvarna sehr gut erkl\u00e4rt!<\/p>\n<p><!-- \/wp:paragraph --><\/p>\n<p><!-- wp:paragraph --><\/p>\n<p>Welcher M\u00e4her am besten zu Ihrem Garten passt, erfahren Sie mit unserem online-Rasencheck!<\/p>\n<p><!-- \/wp:paragraph --><\/p>\n<p><!-- wp:paragraph --><\/p>\n<p><!-- \/wp:paragraph --><\/p>\t\t\t\t\t\t<\/div>\n\t\t\t\t<\/div>\n\t\t\t\t\t<\/div>\n\t\t\t\t<\/div>\n\t\t\t\t<\/div>\n\t\t","protected":false},"excerpt":{"rendered":"<p>welchen M\u00e4hroboter ist der richtige f\u00fcr mich? Haben Sie die Entscheidung getroffen sich einen M\u00e4hroboter zuzulegen, stellt sich die Frage, f\u00fcr welchen M\u00e4hroboter Sie sich entscheiden sollen. Diese Wahl h\u00e4ngt zum gro\u00dfen Teil von den folgenden Faktoren ab: Gr\u00f6\u00dfe Ihres Grundst\u00fcckesKomplexit\u00e4t Ihrer Rasenfl\u00e4cheKomfortanspruch \u00dcberpr\u00fcfen Sie, welcher M\u00e4hroboter am besten zu Ihrem Garten passt mit unserem [&hellip;]<\/p>\n","protected":false},"author":1,"featured_media":0,"parent":0,"menu_order":0,"comment_status":"closed","ping_status":"closed","template":"","meta":{"footnotes":""},"class_list":["post-225","page","type-page","status-publish","hentry"],"blocksy_meta":[],"_links":{"self":[{"href":"https:\/\/xn--mhroboter-hannover-ltb.de\/index.php?rest_route=\/wp\/v2\/pages\/225"}],"collection":[{"href":"https:\/\/xn--mhroboter-hannover-ltb.de\/index.php?rest_route=\/wp\/v2\/pages"}],"about":[{"href":"https:\/\/xn--mhroboter-hannover-ltb.de\/index.php?rest_route=\/wp\/v2\/types\/page"}],"author":[{"embeddable":true,"href":"https:\/\/xn--mhroboter-hannover-ltb.de\/index.php?rest_route=\/wp\/v2\/users\/1"}],"replies":[{"embeddable":true,"href":"https:\/\/xn--mhroboter-hannover-ltb.de\/index.php?rest_route=%2Fwp%2Fv2%2Fcomments&post=225"}],"version-history":[{"count":16,"href":"https:\/\/xn--mhroboter-hannover-ltb.de\/index.php?rest_route=\/wp\/v2\/pages\/225\/revisions"}],"predecessor-version":[{"id":371,"href":"https:\/\/xn--mhroboter-hannover-ltb.de\/index.php?rest_route=\/wp\/v2\/pages\/225\/revisions\/371"}],"wp:attachment":[{"href":"https:\/\/xn--mhroboter-hannover-ltb.de\/index.php?rest_route=%2Fwp%2Fv2%2Fmedia&parent=225"}],"curies":[{"name":"wp","href":"https:\/\/api.w.org\/{rel}","templated":true}]}}